{"id":2448,"date":"2020-06-21T13:10:03","date_gmt":"2020-06-21T11:10:03","guid":{"rendered":"https:\/\/diveindepth.com\/encompass-diving\/?page_id=2448"},"modified":"2022-12-15T20:20:39","modified_gmt":"2022-12-15T19:20:39","slug":"buchungsleistungen","status":"publish","type":"page","link":"https:\/\/diveindepth.com\/encompass-diving\/de\/buchungsleistungen\/","title":{"rendered":"Buchungsleistungen"},"content":{"rendered":"\t\t<div data-elementor-type=\"wp-page\" data-elementor-id=\"2448\" class=\"elementor elementor-2448\">\n\t\t\t\t\t\t<section class=\"elementor-section elementor-top-section elementor-element elementor-element-65c4f40d elementor-section-boxed elementor-section-height-default elementor-section-height-default\" data-id=\"65c4f40d\" data-element_type=\"section\" data-e-type=\"section\">\n\t\t\t\t\t\t<div class=\"elementor-container elementor-column-gap-default\">\n\t\t\t\t\t<div class=\"elementor-column elementor-col-100 elementor-top-column elementor-element elementor-element-108f8e19\" data-id=\"108f8e19\" data-element_type=\"column\" data-e-type=\"column\">\n\t\t\t<div class=\"elementor-widget-wrap elementor-element-populated\">\n\t\t\t\t\t\t<div class=\"elementor-element elementor-element-47d3b8d8 elementor-widget elementor-widget-text-editor\" data-id=\"47d3b8d8\" data-element_type=\"widget\" data-e-type=\"widget\" data-widget_type=\"text-editor.default\">\n\t\t\t\t<div class=\"elementor-widget-container\">\n\t\t\t\t\t\t\t\t\t<p><\/p>\n<h2 class=\"wp-block-heading\">Buchungsrichtlinien &amp; Buchungsleistungen<\/h2>\n<p><\/p>\n<p><\/p>\n<p><a href=\"https:\/\/diveindepth.com\/encompass-diving\/booking-conditions\/\">Click here for the English version<\/a><\/p>\n<p><\/p>\n<p><\/p>\n<p style=\"margin-bottom: 19.2pt; font-size: 16.2px; font-style: normal; font-weight: 400; background-image: initial; background-position: initial; background-size: initial; background-repeat: initial; background-attachment: initial; background-origin: initial; background-clip: initial; line-height: normal;\"><span style=\"font-family: Arial, sans-serif; font-size: 12pt; font-style: inherit; font-weight: inherit; color: var( --e-global-color-text );\">Es empfiehlt sich, die Touren zun\u00e4chst mit uns abzusprechen. Wenn Du dann damit einverstanden bist, kannst Du die Tour \u00fcber unseren empfohlenen Reiseb\u00fcropartner buchen. Dies ist in einigen L\u00e4ndern notwendig. Wenn wir keine Agentur\/Reiseb\u00fcro nutzen, dann sind wir reiner privater Organisator.\u00a0<\/span><\/p>\n<p style=\"margin-bottom: 19.2pt; font-size: 16.2px; font-style: normal; font-weight: 400; background-image: initial; background-position: initial; background-size: initial; background-repeat: initial; background-attachment: initial; background-origin: initial; background-clip: initial; line-height: normal;\"><span style=\"font-style: inherit; font-weight: inherit; color: var( --e-global-color-text ); font-family: Arial, sans-serif; font-size: 12pt;\">In beiden F\u00e4llen ist Oliver Dein privater Gastgeber f\u00fcr die spirituellen\u00a0<\/span><span style=\"font-style: inherit; font-weight: inherit; color: var( --e-global-color-text ); font-family: Arial, sans-serif; font-size: 12pt;\">Retreats, als auch fungierend als Reiseleiter in Verbindung mit den\u00a0<\/span><span style=\"font-style: inherit; font-weight: inherit; color: var( --e-global-color-text ); font-family: Arial, sans-serif; font-size: 12pt;\">Tauchcentern und deren Crews.<\/span><\/p>\n<p style=\"margin-bottom: 19.2pt; font-size: 16.2px; font-style: normal; font-weight: 400; background-image: initial; background-position: initial; background-size: initial; background-repeat: initial; background-attachment: initial; background-origin: initial; background-clip: initial; line-height: normal;\"><span style=\"font-size: 12pt; font-family: Arial, sans-serif;\">Bitte kontaktiere uns bei all Deinen Fragen unter\u00a0<\/span><a style=\"background-color: #ffffff; color: #16181a; font-size: 16.2px;\" href=\"mailto:encompassdiving@diveindepth.com\"><span style=\"font-size: 12pt; font-family: Arial, sans-serif;\">encompassdiving@diveindepth.com<\/span><\/a><span style=\"font-size: 12pt; font-family: Arial, sans-serif;\">\u00a0oder per WhatsApp unter +599 795 6604. Wenn wir in einer Region mit einem lokalen Reiseb\u00fcro oder Agentur zusammenarbeiten, bitten wir Euch alle Fragen zur Unterkunft f\u00fcr z.B. Ferienh\u00e4user, Villas, B&amp;Bs, Air B&amp;Bs oder Transport an die entsprechende Reiseagentur zu richten. Wir werden dann die Kontaktdaten in der Reisebeschreibung des jeweiligen bevorstehenden Retreats und<\/span><span style=\"font-style: inherit; font-weight: var( --e-global-typography-text-font-weight ); color: var( --e-global-color-text ); font-size: 12pt; font-family: Arial, sans-serif;\">\u00a0<\/span><a style=\"font-style: inherit; font-weight: inherit; font-family: var( --e-global-typography-text-font-family ), Sans-serif; font-size: 16.2px; background-color: #ffffff;\" href=\"https:\/\/diveindepth.com\/encompass-diving\/de\/tauchtouren\/\">Tauchtouren<\/a><span style=\"font-style: inherit; font-weight: inherit; color: var( --e-global-color-text ); font-family: var( --e-global-typography-text-font-family ), Sans-serif; font-size: 16.2px;\">. Insgesamt stehen wir Euch jedoch auch hier zur Verf\u00fcgung.<\/span><\/p>\n<p><\/p>\n<p><\/p>\n<p style=\"margin-bottom: 19.2pt; font-size: 16.2px; font-style: normal; font-weight: 400; background-image: initial; background-position: initial; background-size: initial; background-repeat: initial; background-attachment: initial; background-origin: initial; background-clip: initial; line-height: normal;\"><span style=\"font-size: 12pt; font-family: Arial, sans-serif;\">Wenn Du etwas in einer geschlossenen Gruppe unternehmen m\u00f6chtest oder Du ein Ziel im Auge hast, das nicht auf unserer Agenda steht, kannst Du Dich gerne an uns wenden. Gerne besprechen wir dies und arrangieren etwas, das in Euren und unseren Zeitplan passt. In diesem Sinne ist Oliver sehr kontaktfreudig und erkundet gerne neue Dinge und Abenteuer.<\/span><\/p>\n<p style=\"margin-bottom: 19.2pt; font-size: 16.2px; font-style: normal; font-weight: 400; background-image: initial; background-position: initial; background-size: initial; background-repeat: initial; background-attachment: initial; background-origin: initial; background-clip: initial; line-height: normal;\"><span style=\"font-size: 12pt; font-family: Arial, sans-serif;\">Bitte beachte den Zweck unserer Reisen! Wir bieten keine Tauchreisen nur des Tauchens willen an. Dies ist nicht unsere Zielgruppe! Wir kommen als Gruppe zusammen, die alle als Leidenschaft das Tauchen teilen, die das Meer und seine Bewohner lieben, aber auch die nach spiritueller Erkenntnis suchen und wachsen wollen. Deshalb schn\u00fcren wir keine reinen Tauchpakete, sondern bieten ein spirituelles Rahmenprogramm (z. B. Meditation, Gruppenworkshops, Energiearbeit, Besuch von Energiepl\u00e4tzen) an.\u00a0<span style=\"font-weight: bold;\">Gemeinsam erkunden wir die Sch\u00f6nheiten des Meeres, der umliegenden Landschaft, genie\u00dfen die spirituelle Gemeinschaft und haben viel SPASS!<\/span><\/span><\/p>\n<p style=\"margin-bottom: 19.2pt; font-size: 16.2px; font-style: normal; font-weight: 400; background-image: initial; background-position: initial; background-size: initial; background-repeat: initial; background-attachment: initial; background-origin: initial; background-clip: initial; line-height: normal;\"><span style=\"font-size: 12pt; font-family: Arial, sans-serif;\">Bitte beachte auch, dass wir keine All-Inclusive-Pakete anbieten. Dies ist nicht der Sinn unserer Reisen; Wir kommen als spirituelle Gruppe zusammen und planen daher eine Selbstversorgerk\u00fcche (je nach Reiseland, wenn m\u00f6glich). Daher werden wir gemeinsam in Ferienh\u00e4usern, privaten Villen und\/oder (Air) B&amp;B\u2019s unterkommen und zusammen kochen und essen.\u00a0Wir planen das Budget, wenn m\u00f6glich, immer auf Basis des Tauchens, spirituellem Programm und der Aktivit\u00e4ten, nicht auf Basis von exklusiven Hotels.\u00a0<span style=\"font-weight: bold;\">Bei extrem abgelegene Tauchpl\u00e4tzen kommen H\u00fctten oder Caba\u00f1as in Frage; Keine Sorge \u2013 das ist dann Teil des Abenteuers.<\/span><\/span><\/p>\n<p style=\"margin-bottom: 19.2pt; font-size: 16.2px; font-style: normal; font-weight: 400; background-image: initial; background-position: initial; background-size: initial; background-repeat: initial; background-attachment: initial; background-origin: initial; background-clip: initial; line-height: normal;\"><span style=\"font-size: 12pt; font-family: Arial, sans-serif;\">Mehr Details \u00fcber Oliver findest Du auf seiner Facebook Seite\u00a0<\/span><a style=\"color: #16181a;\" href=\"https:\/\/www.facebook.com\/dive.indepth.5\"><span style=\"font-size: 12pt; font-family: Arial, sans-serif;\">https:\/\/www.facebook.com\/dive.indepth.5<\/span><\/a><span style=\"font-size: 12pt; font-family: Arial, sans-serif;\">; und\u00a0<\/span><a style=\"color: #16181a;\" href=\"https:\/\/www.facebook.com\/EncompassDiving\/\"><span style=\"font-size: 12pt; font-family: Arial, sans-serif;\">https:\/\/www.facebook.com\/EncompassDiving\/<\/span><\/a><span style=\"font-size: 12pt; font-family: Arial, sans-serif;\">.<\/span><\/p>\n<p style=\"margin-bottom: 19.2pt; font-size: 16.2px; font-style: normal; font-weight: 400; background-image: initial; background-position: initial; background-size: initial; background-repeat: initial; background-attachment: initial; background-origin: initial; background-clip: initial; line-height: normal;\"><span style=\"font-weight: bold; font-size: 16.2px; font-style: inherit; color: var( --e-global-color-text ); font-family: var( --e-global-typography-text-font-family ), Sans-serif;\"><u><span style=\"font-size: 12pt; font-family: Arial, sans-serif;\">Hinweis<\/span><\/u><\/span><span style=\"font-style: inherit; font-weight: inherit; color: var( --e-global-color-text ); font-size: 12pt; font-family: Arial, sans-serif;\">:<\/span>\u00a0<span style=\"font-style: inherit; font-weight: inherit; color: var( --e-global-color-text ); font-size: 12pt; font-family: Arial, sans-serif;\">Bei Ankunft ist nicht\u00a0<\/span><span style=\"font-family: Arial, sans-serif; font-size: 12pt; font-style: inherit; font-weight: inherit; color: var( --e-global-color-text );\">nur f\u00fcr das Tauchen, sondern auch f\u00fcr den spirituellen Retreat ein\u00a0<\/span><span style=\"font-family: Arial, sans-serif; font-size: 12pt; font-style: inherit; font-weight: inherit; color: var( --e-global-color-text );\">Haftungsformular zu unterschreiben. Jeder, der das Angebot annimmt, ist sich\u00a0<\/span><span style=\"font-family: Arial, sans-serif; font-size: 12pt; font-style: inherit; font-weight: inherit; color: var( --e-global-color-text );\">bewusst, dass es sich hier um eine spirituelle und energetische Dienstleistung\u00a0<\/span><span style=\"font-family: Arial, sans-serif; font-size: 12pt; font-style: inherit; font-weight: inherit; color: var( --e-global-color-text );\">handelt. Jegliche Haftung im Zusammenhang mit diesem Angebot wird abgelehnt.<\/span><\/p>\n<p><\/p>\n<p><\/p>\n<h4 class=\"wp-block-heading\" style=\"font-style: normal;\">IM PREIS DER REISE ENTHALTEN SIND:<\/h4>\n<ul style=\"color: #212529; font-family: Roboto, sans-serif; font-size: 16.2px; font-weight: 400;\">\n<li>5-Tages Tauchpaket (2 Bootstauchg\u00e4nge pro Tag inkl. Equipment, Transport zum Tauchcenter und Tanks)<\/li>\n<li>Check-Out Tauchgang falls notwendig<\/li>\n<li>Transport zu und von allen Aktivit\u00e4ten die in der Reiseplanung erw\u00e4hnt sind<\/li>\n<li>Unterkunft: Villa, Air B&amp;B \u2013 10 \u00dcbernachtungen<\/li>\n<li>Fr\u00fchst\u00fcck\/Brunch \u2013 Snacks zwischen den Tauchg\u00e4ngen<\/li>\n<li>Tagestouren, Nationalparksgeb\u00fchren, Transport hin und zur\u00fcck die im Reiseplan beschrieben sind. Dies gilt auch f\u00fcr die Tour falls ein Tauchtag ausf\u00e4llt.<\/li>\n<li>Alle spirituellen\u00a0<span style=\"font-weight: bold;\">Gruppen<\/span>aktivit\u00e4ten die im Reiseplan erw\u00e4hnt sind (gilt nicht f\u00fcr den Abend des Nachttauchganges)<\/li>\n<li>Gemeinsames Farewell Dinner in einem Restaurant vor Ort am letzten Tag.<\/li>\n<li>Angemieteter mehrsitziger Van f\u00fcr die gesamten Tage der Reise (Eink\u00e4ufe, Gruppentransporte, Notf\u00e4lle, usw.)\u00a0<\/li>\n<\/ul>\n<p style=\"margin-bottom: 1.6em; font-size: 16.2px; font-style: normal; font-weight: 400; color: #212529; font-family: Roboto, sans-serif;\"><span style=\"font-weight: bold;\"><u>Hinweis:<\/u><\/span>\u00a0<span style=\"font-size: 16.2px; font-style: inherit; font-weight: inherit; color: var( --e-global-color-text ); font-family: var( --e-global-typography-text-font-family ), Sans-serif;\">Wir arrangieren den Transport bei Ankunft\/Abreise \u2013 zum und vom Flughafen oder Treffpunkt. Wir sind jedoch nicht in der Lage, diese Geb\u00fchren zu \u00fcbernehmen. Dies ist aus dem einfachen Grund, dass Teilnehmer aus verschiedenen L\u00e4ndern teilnehmen und zu unterschiedlichen Flugpl\u00e4nen ankommen\/abfliegen. Aus diesem Grund k\u00f6nnen wir keinen Gruppenbus organisieren, da die Reisenden auf die anderen Tour-Mitglieder warten m\u00fcssten, was wir von Ihnen nicht verlangen k\u00f6nnen. Bitte teilt uns mit, ob Ihr Euch entscheidet, ein Auto f\u00fcr Euch selbst zu mieten.<\/span><\/p>\n<h4 style=\"font-style: normal;\">IM REISEPREIS\u00a0<u>NICHT<\/u>\u00a0ENTHALTEN:<\/h4>\n<ul style=\"color: #212529; font-family: Roboto, sans-serif; font-size: 16.2px; font-weight: 400;\">\n<li>Flugkosten vom und zum Zielort<\/li>\n<li>Planung der Fl\u00fcge vom und zum Zielort<\/li>\n<li><span style=\"font-weight: bold;\">Lebensmittel f\u00fcr das Abendessen:<\/span>\u00a0Wir bitten jedes Reise-Mitglied, einen Abend zum gemeinschaftlichen Abendessen beizutragen (9 Tage \/ 9 Personen). Es ist Teil und Sinn des Retreat, dass wir gemeinsam als Gruppe zusammen kochen und essen. Wir verstehen, dass einige Menschen gerne kochen und andere nicht. Dies ist Teil der Gruppendynamik. Es geht sich am Ende immer aus! Es steht jedem allerdings frei, alleine zum Abendessen auszugehen. Wir verstehen, dass jeder von Zeit zu Zeit eine Pause von der Gruppe braucht.<\/li>\n<li>Transport vom Flughafen zur Unterkunft und zur\u00fcck zum Flughafen (oder Treffpunkt). Wir organisieren allerdings den Transport.<\/li>\n<li>Visa- und\/oder Passgeb\u00fchren<\/li>\n<li>Ersatz von besch\u00e4digter Tauchausr\u00fcstung.<\/li>\n<li>Ersatz von verlorener oder besch\u00e4digter angemieteter Tauchausr\u00fcstung (z.B. Maske, Tauchcomputer, Flossen, Tauchschuhe, etc.).<\/li>\n<li>Reise und Tauchversicherung (Storno, Reiseversicherung, DAN, etc.)<\/li>\n<li><span style=\"font-size: 16.2px;\"><span style=\"font-weight: bold;\">Wichtig: Bitte stellt sicher, dass Ihr die Kontaktinformationen zu Eurer Krankenkasse oder Eurem Tauchversicherungsanbieters bei Euch habt, bevor Ihr zum Zielort aufbrecht.<\/span><\/span><\/li>\n<li><span style=\"font-size: 16.2px;\">Geb\u00fchren f\u00fcr pers\u00f6nliche Dienstleistungen (z. B. W\u00e4sche, Getr\u00e4nke, Telefonate, pers\u00f6nliche Kleidung)<\/span><\/li>\n<li><span style=\"font-size: 16.2px;\">Zus\u00e4tzliche Mahlzeiten oder Getr\u00e4nke, die nicht im Reiseplan enthalten sind<\/span><\/li>\n<li><span style=\"font-size: 16.2px;\">Trinkgelder f\u00fcr Kellner, Busfahrer, Gep\u00e4cktr\u00e4ger, Hotel- und Restaurantpersonal \u2013 nach eigenem Ermessen<\/span><\/li>\n<li><span style=\"font-size: 16.2px;\">Alle 1:1 Leistungen spiritueller und energetischer Art von G\u00e4sten und Oliver wie eine z.B. eine \u201eRegression Healing\u201c Sitzung, private Seelenlesungen, Chakra Reinigungen oder privaten Channelings sind nicht im Reisepreis enthalten. Bitte kontaktiert uns, da dies entsprechend mit der Tauchtour und dem Zeitplan geplant werden kann. Wir planen insgesamt freie Zeiten ein \u2013 auch ein kompletter freier Tag ist vorgesehen.<\/span><\/li>\n<li>Alles was im Reiseplan nicht erw\u00e4hnt und\/oder enthalten ist.<\/li>\n<\/ul>\n<p style=\"margin-bottom: 1.6em; font-size: 16.2px; font-style: normal; font-weight: 400; color: #212529; font-family: Roboto, sans-serif;\">Bitte beachtet, dass sich aufgrund von Umst\u00e4nden das Tauchcenter und Touren \u00e4ndern k\u00f6nnen. Wir haben viele M\u00f6glichkeiten.<\/p>\n<h4 style=\"font-style: normal;\">Zahlungs- und Stornierungsbedingungen:<\/h4>\n<div style=\"color: #212529; font-family: Roboto, sans-serif; font-size: 16.2px; font-weight: 400;\">\n<ul style=\"font-size: 16.2px;\">\n<li>Der Reisepreis ist mit verbindlicher Zusage zu entrichten, sobald wir 5 Personen zusammen haben\u00a0<\/li>\n<li><span style=\"font-size: 16.2px;\">9 Wochen vor Reisebeginn (oder fr\u00fcher) ist ein R\u00fccktritt von der Reise\u00a0 mit einem Abschlag von 25% m\u00f6glich<\/span><\/li>\n<li><span style=\"font-size: 16.2px;\">7 Wochen vor Reisebeginn ist eine Stornierung mit einem Abschlag von 50% m\u00f6glich<\/span><\/li>\n<li><span style=\"font-size: 16.2px;\">5 Wochen vor Reisebeginn ist eine Stornierung mit einem Abschlag von 75% m\u00f6glich\u00a0 \u00a0 \u00a0 \u00a0 \u00a0 \u00a0\u00a0<\/span><\/li>\n<\/ul>\n<p style=\"margin-bottom: 1.6em; font-size: 16.2px;\"><span style=\"font-size: 16.2px; color: var( --e-global-color-text ); font-family: var( --e-global-typography-text-font-family ), Sans-serif; font-weight: var( --e-global-typography-text-font-weight );\">Eine R\u00fcckzahlung innerhalb der letzten 5 Wochen ist grunds\u00e4tzlich nicht m\u00f6glich!\u00a0<\/span><\/p>\n<p style=\"margin-bottom: 1.6em; font-size: 16.2px;\"><span style=\"font-size: 16.2px; color: var( --e-global-color-text ); font-family: var( --e-global-typography-text-font-family ), Sans-serif; font-weight: var( --e-global-typography-text-font-weight );\">Eine R\u00fcckzahlung aus Kulanz in den letzten 5 Wochen beh\u00e4lt sich die Dive In Depth B.V. vor<\/span><span style=\"font-size: 16.2px; font-style: inherit; font-weight: inherit; color: var( --e-global-color-text ); font-family: var( --e-global-typography-text-font-family ), Sans-serif;\">.<\/span><\/p>\n<\/div>\n<p><\/p>\t\t\t\t\t\t\t\t<\/div>\n\t\t\t\t<\/div>\n\t\t\t\t\t<\/div>\n\t\t<\/div>\n\t\t\t\t\t<\/div>\n\t\t<\/section>\n\t\t\t\t<\/div>\n\t\t","protected":false},"excerpt":{"rendered":"<p>Buchungsrichtlinien &amp; Buchungsleistungen Click here for the English version Es empfiehlt sich, die Touren zun\u00e4chst mit uns abzusprechen. Wenn Du dann damit einverstanden bist, kannst Du die Tour \u00fcber unseren empfohlenen Reiseb\u00fcropartner buchen. Dies ist in einigen L\u00e4ndern notwendig. Wenn wir keine Agentur\/Reiseb\u00fcro nutzen, dann sind wir reiner privater Organisator.\u00a0 In beiden F\u00e4llen ist Oliver [&hellip;]<\/p>\n","protected":false},"author":1,"featured_media":0,"parent":0,"menu_order":0,"comment_status":"closed","ping_status":"closed","template":"","meta":{"footnotes":""},"class_list":["post-2448","page","type-page","status-publish","hentry"],"_links":{"self":[{"href":"https:\/\/diveindepth.com\/encompass-diving\/wp-json\/wp\/v2\/pages\/2448","targetHints":{"allow":["GET"]}}],"collection":[{"href":"https:\/\/diveindepth.com\/encompass-diving\/wp-json\/wp\/v2\/pages"}],"about":[{"href":"https:\/\/diveindepth.com\/encompass-diving\/wp-json\/wp\/v2\/types\/page"}],"author":[{"embeddable":true,"href":"https:\/\/diveindepth.com\/encompass-diving\/wp-json\/wp\/v2\/users\/1"}],"replies":[{"embeddable":true,"href":"https:\/\/diveindepth.com\/encompass-diving\/wp-json\/wp\/v2\/comments?post=2448"}],"version-history":[{"count":12,"href":"https:\/\/diveindepth.com\/encompass-diving\/wp-json\/wp\/v2\/pages\/2448\/revisions"}],"predecessor-version":[{"id":3201,"href":"https:\/\/diveindepth.com\/encompass-diving\/wp-json\/wp\/v2\/pages\/2448\/revisions\/3201"}],"wp:attachment":[{"href":"https:\/\/diveindepth.com\/encompass-diving\/wp-json\/wp\/v2\/media?parent=2448"}],"curies":[{"name":"wp","href":"https:\/\/api.w.org\/{rel}","templated":true}]}}